173863754?
2, 86931877
List the prime factors of 233635522.
2, 17, 241, 28513
List the prime factors of 30834995.
5, 6166999
List the prime factors of 15125537.
7, 157, 13763
List the prime factors of 132747695.
5, 26549539
What are the prime factors of 1827603568?
2, 7, 2331127
List the prime factors of 4005511656.
2, 3, 166896319
What are the prime factors of 695882953?
107, 661, 9839
What are the prime factors of 1561707389?
11, 563, 252173
What are the prime factors of 44738096?
2, 13, 215087
What are the prime factors of 93123232?
2, 2910101
What are the prime factors of 41937173?
41937173
What are the prime factors of 114111431?
7, 16301633
What are the prime factors of 418021904?
2, 1021, 25589
What are the prime factors of 181423861?
12241, 14821
List the prime factors of 239406923.
7, 409, 83621
What are the prime factors of 1675599552?
2, 3, 11, 373, 709
What are the prime factors of 23137219?
7, 3305317
What are the prime factors of 229330959?
3, 11, 13, 534571
What are the prime factors of 7789490346?
2, 3, 11, 118022581
List the prime factors of 10162263.
3, 3387421
What are the prime factors of 68170629?
3, 17, 149, 8971
List the prime factors of 432719013.
3, 6863, 21017
What are the prime factors of 4410677087?
23, 1499, 127931
What are the prime factors of 536028566?
2, 4421, 60623
What are the prime factors of 56233511?
787, 71453
What are the prime factors of 3189331974?
2, 3, 531555329
What are the prime factors of 5279185?
5, 769, 1373
List the prime factors of 819477551.
9227, 88813
List the prime factors of 3405218685.
3, 5, 11, 173, 119293
List the prime factors of 3359498067.
3, 373277563
What are the prime factors of 186886880?
2, 5, 1168043
What are the prime factors of 850039235?
5, 170007847
What are the prime factors of 167678441?
7, 23, 148783
What are the prime factors of 1691225285?
5, 79, 4281583
What are the prime factors of 39269194?
2, 19634597
List the prime factors of 349246109.
433, 809, 997
List the prime factors of 47497566.
2, 3, 37, 213953
What are the prime factors of 130651366?
2, 37, 1765559
List the prime factors of 5411857269.
3, 7, 13, 19823653
List the prime factors of 85765210.
2, 5, 8576521
What are the prime factors of 213141478?
2, 11, 17, 569897
List the prime factors of 2443376291.
2443376291
List the prime factors of 15031806.
2, 3, 2505301
What are the prime factors of 1565211535?
5, 227, 479, 2879
List the prime factors of 50293931.
19, 2647049
What are the prime factors of 383992366?
2, 271, 708473
What are the prime factors of 92485088?
2, 43, 67213
List the prime factors of 87417000.
2, 3, 5, 11, 883
What are the prime factors of 248006375?
5, 37, 53623
List the prime factors of 4985232845.
5, 41, 24318209
List the prime factors of 86735750.
2, 5, 346943
List the prime factors of 1336965903.
3, 7, 13, 1632437
What are the prime factors of 2846912742?
2, 3, 158161819
List the prime factors of 273292313.
7, 241, 161999
What are the prime factors of 5185607156?
2, 1296401789
What are the prime factors of 34962966?
2, 3, 1942387
What are the prime factors of 101359760?
2, 5, 379, 3343
List the prime factors of 6896658785.
5, 107, 719, 17929
List the prime factors of 2616327532.
2, 7, 13, 659, 839
List the prime factors of 12920603.
317, 40759
What are the prime factors of 61364531?
31, 509, 3889
List the prime factors of 165186691.
67, 2465473
What are the prime factors of 63426227?
631, 100517
List the prime factors of 248986827.
3, 3137, 8819
What are the prime factors of 137689578?
2, 3, 13, 196139
List the prime factors of 580348589.
37, 331, 47387
List the prime factors of 937615845.
3, 5, 53, 79, 14929
What are the prime factors of 115142626?
2, 101, 570013
What are the prime factors of 16940870?
2, 5, 199, 8513
What are the prime factors of 157002221?
157002221
List the prime factors of 2700310663.
8287, 325849
What are the prime factors of 4480517?
4480517
List the prime factors of 83920262.
2, 17, 43, 61, 941
List the prime factors of 34325808.
2, 3, 11, 65011
What are the prime factors of 309808842?
2, 3, 7, 1693, 4357
List the prime factors of 179023598.
2, 13, 67, 102769
What are the prime factors of 1109645428?
2, 277411357
What are the prime factors of 304946110?
2, 5, 7, 41, 43, 353
List the prime factors of 3249185025.
3, 5, 197, 219911
List the prime factors of 471577813.
7, 9624037
What are the prime factors of 389675604?
2, 3, 32472967
What are the prime factors of 601970071?
967, 622513
What are the prime factors of 73388409?
3, 283, 86441
List the prime factors of 118145147.
118145147
List the prime factors of 2324069347.
269, 8639663
What are the prime factors of 3705492378?
2, 3, 7, 88226009
What are the prime factors of 80372137?
29, 83, 33391
What are the prime factors of 36794521?
1459, 25219
What are the prime factors of 7883130902?
2, 389, 439, 23081
What are the prime factors of 66896190?
2, 3, 5, 17, 23, 1901
What are the prime factors of 1806171867?
3, 163, 1231201
List the prime factors of 26081928.
2, 3, 151, 2399
What are the prime factors of 52755884?
2, 79, 166949
List the prime factors of 13334598.
2, 3, 246937
List the prime factors of 157261800.
2, 3, 5, 262103
List the prime factors of 3590225083.
67, 101, 530549
What are the prime factors of 147405409?
8647, 17047
What are the prime factors of 321788964?
2, 3, 7, 73, 97, 541
List the prime factors of 2553054669.
3, 11, 101, 311, 821
What are the prime factors of 372168104?
2, 7, 11, 233, 2593
What are the prime factors of 3925726717?
11, 17, 20993191
List the prime factors of 835187900.
2, 5, 17, 443, 1109
What are the prime factors of 50955609?
3, 83, 204641
What are the prime factors of 197373122?
2, 98686561
List the prime factors of 60514077.
3, 13, 31, 50053
List the prime factors of 268618611.
3, 67, 73, 18307
What are the prime factors of 138256554?
2, 3, 739, 31181
What are the prime factors of 643974699?
3, 263, 816191
List the prime factors of 135049787.
135049787
List the prime factors of 325169904.
2, 3, 101, 67073
What are the prime factors of 1972942039?
43, 45882373
List the prime factors of 815522319.
3, 90613591
List the prime factors of 31416239.
31416239
List the prime factors of 55156222.
2, 11, 1297, 1933
What are the prime factors of 336691966?
2, 13, 12949691
What are the prime factors of 1419038494?
2, 107, 6631021
What are the prime factors of 473745378?
2, 3, 78957563
List the prime factors of 1278219297.
3, 149, 2859551
What are the prime factors of 735265004?
2, 5107, 35993
What are the prime factors of 359270582?
2, 11, 19, 163, 5273
List the prime factors of 14281566.
2, 3, 13, 277, 661
What are the prime factors of 11610716?
2, 13, 223283
What are the prime factors of 83761586?
2, 1163, 36011
List the prime factors of 35507434.
2, 157, 113081
List the prime factors of 2070976027.
1277, 1621751
List the prime factors of 57655148.
2, 79, 182453
What are the prime factors of 139192527?
3, 23, 2017283
List the prime factors of 74791566.
2, 3, 73, 18973
List the prime factors of 47632859.
47632859
List the prime factors of 299492038.
2, 5087, 29437
What are the prime factors of 753719737?
10273, 73369
What are the prime factors of 170977239?
3, 23, 157, 5261
List the prime factors of 4169473578.
2, 3, 103, 347, 6481
List the prime factors of 8282128.
2, 17, 30449
List the prime factors of 34856752.
2, 7, 139, 2239
What are the prime factors of 41158502?
2, 7, 11, 67, 3989
List the prime factors of 177784370.
2, 5, 17778437
What are the prime factors of 460837986?
2, 3, 7, 1693, 6481
What are the prime factors of 1272932998?
2, 636466499
What are the prime factors of 146190293?
17, 37, 232417
What are the prime factors of 47132451?
3, 23, 227693
List the prime factors of 537334690.
2, 5, 53733469
What are the prime factors of 35557316?
2, 8889329
What are the prime factors of 3553344?
2, 3, 31, 199
What are the prime factors of 229417550?
2, 5, 17, 29, 41, 227
What are the prime factors of 391193458?
2, 195596729
List the prime factors of 855292946.
2, 427646473
What are the prime factors of 119102098?
2, 59551049
List the prime factors of 2831978097.
3, 13, 53, 456697
List the prime factors of 3620962768.
2, 226310173
List the prime factors of 233146107.
3, 959449
